er?
False
Is 162435781 a composite number?
False
Is 3602333047 a composite number?
True
Is 25745987453 a composite number?
False
Is 1732968673 a composite number?
False
Is 2330763629 composite?
False
Is 133813883 a prime number?
False
Is 570051523 prime?
False
Is 36844673057 a prime number?
False
Is 2108512271 a composite number?
False
Is 206266811 composite?
False
Is 30554204201 prime?
True
Is 1802332579 prime?
True
Is 584350889 a composite number?
True
Is 20764088221 prime?
True
Is 9559620559 a composite number?
False
Is 1240070749 a composite number?
True
Is 51479929 a prime number?
True
Is 3106464029 a composite number?
False
Is 2777338177 prime?
True
Is 3160380517 a prime number?
False
Is 276128959 a composite number?
True
Is 23481867139 prime?
False
Is 67003457867 composite?
False
Is 17681162585 composite?
True
Is 7492965059 a composite number?
False
Is 31147456939 a composite number?
True
Is 3082008151 a prime number?
True
Is 9494221337 a prime number?
True
Is 8169808943 prime?
False
Is 8922068749 a prime number?
False
Is 21958651307 prime?
False
Is 180050527 composite?
True
Is 4301182553 composite?
True
Is 25791089 prime?
False
Is 1221272317 a composite number?
True
Is 5159409355 a prime number?
False
Is 2162177734 prime?
False
Is 2518566367 prime?
False
Is 2686754857 a composite number?
False
Is 27290565401 composite?
True
Is 20109393407 a prime number?
False
Is 7451809333 a prime number?
False
Is 1746541369 composite?
False
Is 237706607 a prime number?
False
Is 123497611 a prime number?
False
Is 4074328526 composite?
True
Is 270969841 a prime number?
True
Is 29586854289 composite?
True
Is 904542517 a prime number?
False
Is 2081473799 a prime number?
True
Is 169692314549 a prime number?
True
Is 8967889699 composite?
False
Is 33954443 a prime number?
True
Is 153510448367 a composite number?
False
Is 455613089 a prime number?
True
Is 2931346382 a prime number?
False
Is 1186881089 a composite number?
True
Is 62499621649 prime?
False
Is 3840823471 prime?
False
Is 82650963 a composite number?
True
Is 2373883441 composite?
False
Is 6245390847 composite?
True
Is 16252056251 a composite number?
False
Is 625950690877 a prime number?
True
Is 3061947947 composite?
True
Is 19713239837 a prime number?
True
Is 1373001407 prime?
False
Is 63785713 composite?
True
Is 10929212935 composite?
True
Is 5249819021 a composite number?
False
Is 28390723103 prime?
True
Is 122242753 prime?
True
Is 4700858023 prime?
True
Is 10088037961 composite?
False
Is 867822271 prime?
True
Is 4596594983 a prime number?
False
Is 2747836319 a composite number?
True
Is 2423357419 composite?
True
Is 1961733209 prime?
False
Is 66426785 a prime number?
False
Is 8414921327 prime?
True
Is 4928394511 a composite number?
False
Is 86946140643 prime?
False
Is 225322523 a prime number?
False
Is 5867541287 prime?
True
Is 7049990611 a prime number?
True
Is 3818043069 a composite number?
True
Is 40904933353 composite?
False
Is 260059703 prime?
False
Is 40433961 a prime number?
False
Is 12824195107 a prime number?
True
Is 29375618045 a composite number?
True
Is 196324537721 composite?
True
Is 12016937983 composite?
False
Is 64510241 a prime number?
True
Is 3997333243 composite?
False
Is 142263641681 a composite number?
True
Is 680246291 a prime number?
True
Is 18909858089 a composite number?
True
Is 96381978289 a prime number?
True
Is 682131181 prime?
True
Is 5214234589 a composite number?
True
Is 12279449383 a prime number?
True
Is 3516796373 composite?
True
Is 68256216905 composite?
True
Is 440976467605 a composite number?
True
Is 3646300789 a composite number?
False
Is 788100979 prime?
True
Is 197416559 composite?
False
Is 7844095807 prime?
True
Is 5283949373 a prime number?
True
Is 90916183 prime?
True
Is 4099482137 a prime number?
False
Is 1210975349 a prime number?
False
Is 3135595427 composite?
True
Is 3331788821 a prime number?
False
Is 6559194971 a composite number?
True
Is 467814077 a composite number?
True
Is 1081978631 a composite number?
True
Is 58856527549 prime?
True
Is 13859603467 prime?
True
Is 620710957 composite?
False
Is 26413622551 a prime number?
False
Is 7844613157 prime?
False
Is 94353682663 a prime number?
False
Is 6098465053 composite?
True
Is 1578444481 a prime number?
True
Is 3450648947 composite?
True
Is 44524531561 composite?
True
Is 1385688869 composite?
True
Is 16400009993 composite?
False
Is 170972771091 a composite number?
True
Is 21875337257 a composite number?
True
Is 32684563181 composite?
False
Is 3020795983 a prime number?
True
Is 2950596301 composite?
False
Is 911864257 a prime number?
True
Is 183873341 a prime number?
True
Is 13933049059 a composite number?
True
Is 692495821 composite?
True
Is 1451649371 a prime number?
True
Is 4655929137 prime?
False
Is 1455244747 composite?
True
Is 5056967077 a composite number?
False
Is 3392650939 composite?
False
Is 11665637719 a prime number?
True
Is 260142136919 a composite number?
True
Is 24891234427 prime?
True
Is 3926852653 a composite number?
False
Is 1064191111 composite?
True
Is 31310138203 a composite number?
False
Is 890651347 composite?
False
Is 150760801 a composite number?
True
Is 6841873607 a composite number?
True
Is 1761921131 prime?
True
Is 18313014721 composite?
False
Is 780098311 a prime number?
True
Is 54305839 composite?
True
Is 7417503307 a prime number?
False
Is 32526579005 a composite number?
True
Is 4072085657 composite?
True
Is 16083407 a composite number?
True
Is 106948997 prime?
False
Is 7157214209 a composite number?
False
Is 5136749357 a composite number?
True
Is 1858454357 prime?
False
Is 89900737 a prime number?
True
Is 372690389 a prime number?
True
Is 1475987047 prime?
True
Is 4995098777 a prime number?
False
Is 17658523229 prime?
True
Is 133522470247 composite?
True
Is 322790323 a composite number?
False
Is 390998833 a composite number?
False
Is 816015037 prime?
True
Is 12738283609 prime?
True
Is 335448643787 a prime number?
True
Is 56995156213 composite?
False
Is 112018057 composite?
False
Is 28332315559 prime?
True
Is 1906644497 prime?
True
Is 7760193814 prime?
False
Is 113770513 a prime number?
True
Is 216787759 a composite number?
False
Is 87857084251 a prime number?
True
Is 3679353311 a composite number?
True
Is 4667882459 a prime number?
False
Is 40107446711 composite?
False
Is 500392223 composite?
True
Is 52824342031 prime?
True
Is 6072139789 composite?
True
Is 3503401223 a composite number?
True
Is 1390289343 prime?
False
Is 33136325759 composite?
True
Is 11252130041 a prime number?
True
Is 46695816511 a composite number?
False
Is 24393372917 a prime number?
True
Is 33695957551 a composite number?
False
Is 22164534869 a composite number?
False
Is 41258664319 a prime number?
True
Is 3044829989 a prime number?
True
Is 1451352769 a composite number?
True
Is 365008327 prime?
True
Is 2501613251 prime?
True
Is 53290577 a prime number?
True
Is 5250809359 a prime number?
True
Is 1105218307 composite?
False
Is 210196817 a prime number?
True
Is 5045684797 a composite number?
False
Is 710040319 composite?
True
Is 1436001929 prime?
False
Is 50807074673 composite?
False
Is 206846159 a composite number?
True
Is 4564667999 composite?
True
Is 9329262919 a prime number?
True
Is 15902175301 a composite number?
True
Is 1158669593 composite?
True
Is 152088110849 a prime number?
True
Is 3469424221 a composite number?
False
Is 240557712589 prime?
False
Is 101530884083 composite?
False
Is 45291076007 a prime number?
True
Is 143995979 a prime number?
True
Is 33691477 composite?
False
Is 1003721471 composite?
False
Is 5770611601 composite?
True
Is 206504810899 a composite number?
False
Is 90053845603 a prime number?
False
Is 175122481 a composite number?
False
Is 31738770499 prime?
True
Is 34093778 a prime number?
False
Is 3598996637 composite?
True
Is 2523718487 composite?
False
Is 25195848371 composite?
False
Is 2988446269 a composite number?
True
Is 69380450389 composite?
True
Is 8544177221 prime?
True
Is 15871087061 composite?
False
Is 8379355841 prime?
True
Is 367448539 a prime number?
False
Is 13375182343 a composite number?
True
Is 1300391749 a composite number?
True
Is 660942193 a composite number?
False
Is 1078737449 prime?
False
Is 4328420819 prime?
True
Is 3275300549 a prime numbe